{"id":35,"date":"2013-07-03T18:19:08","date_gmt":"2013-07-03T16:19:08","guid":{"rendered":"http:\/\/www.mecpro.de\/?page_id=35"},"modified":"2017-07-04T11:13:08","modified_gmt":"2017-07-04T09:13:08","slug":"impressum","status":"publish","type":"page","link":"https:\/\/www.mecpro.de\/?page_id=35","title":{"rendered":"Impressum"},"content":{"rendered":"<h5><strong>Impressum und Datenschutzerkl\u00e4rung<\/strong><\/h5>\n<p>Diese Webseite wird im Rechenzentrum der Technischen Universit\u00e4t Kaiserslautern gehostet. Aus diesem Grund gelten Impressum und Datenschutzerkl\u00e4rung der TU Kaiserslautern:<\/p>\n<ul>\n<li><a title=\"Impressum der TU Kaiserslautern\" href=\"http:\/\/www.uni-kl.de\/impressum\/\" target=\"_blank\" rel=\"noopener\">Impressum der Technischen Universit\u00e4t Kaiserslautern<\/a><\/li>\n<li><a title=\"Datenschutzerkl\u00e4rung der TU Kaiserslautern\" href=\"http:\/\/www.uni-kl.de\/datenschutzerklaerung\/\" target=\"_blank\" rel=\"noopener\">Datenschutzerkl\u00e4rung<\/a><\/li>\n<\/ul>\n<p>&nbsp;<\/p>\n<h5><strong>Opt-out Piwik<\/strong><\/h5>\n<p>Wenn Sie nicht \u00fcber unsere Webseiten-Analyse erfasst werden m\u00f6chten, k\u00f6nnen Sie hier ein Opt-out durchf\u00fchren:<\/p>\n<p><iframe loading=\"lazy\" style=\"border: 0; height: 200px; width: 600px;\" src=\"http:\/\/www.mecpro.de\/piwik\/index.php?module=CoreAdminHome&amp;action=optOut&amp;language=de\" width=\"320\" height=\"240\"><\/iframe><\/p>\n","protected":false},"excerpt":{"rendered":"<p>Impressum und Datenschutzerkl\u00e4rung Diese Webseite wird im Rechenzentrum der Technischen Universit\u00e4t Kaiserslautern gehostet. Aus diesem Grund gelten Impressum und Datenschutzerkl\u00e4rung der TU Kaiserslautern: Impressum der Technischen Universit\u00e4t Kaiserslautern Datenschutzerkl\u00e4rung &nbsp; Opt-out Piwik Wenn Sie nicht \u00fcber unsere Webseiten-Analyse erfasst werden m\u00f6chten, k\u00f6nnen Sie hier ein Opt-out durchf\u00fchren:<\/p>\n","protected":false},"author":3,"featured_media":0,"parent":0,"menu_order":0,"comment_status":"closed","ping_status":"closed","template":"","meta":[],"_links":{"self":[{"href":"https:\/\/www.mecpro.de\/index.php?rest_route=\/wp\/v2\/pages\/35"}],"collection":[{"href":"https:\/\/www.mecpro.de\/index.php?rest_route=\/wp\/v2\/pages"}],"about":[{"href":"https:\/\/www.mecpro.de\/index.php?rest_route=\/wp\/v2\/types\/page"}],"author":[{"embeddable":true,"href":"https:\/\/www.mecpro.de\/index.php?rest_route=\/wp\/v2\/users\/3"}],"replies":[{"embeddable":true,"href":"https:\/\/www.mecpro.de\/index.php?rest_route=%2Fwp%2Fv2%2Fcomments&post=35"}],"version-history":[{"count":9,"href":"https:\/\/www.mecpro.de\/index.php?rest_route=\/wp\/v2\/pages\/35\/revisions"}],"predecessor-version":[{"id":995,"href":"https:\/\/www.mecpro.de\/index.php?rest_route=\/wp\/v2\/pages\/35\/revisions\/995"}],"wp:attachment":[{"href":"https:\/\/www.mecpro.de\/index.php?rest_route=%2Fwp%2Fv2%2Fmedia&parent=35"}],"curies":[{"name":"wp","href":"https:\/\/api.w.org\/{rel}","templated":true}]}}