{"id":534,"date":"2016-02-05T16:23:39","date_gmt":"2016-02-05T14:23:39","guid":{"rendered":"https:\/\/www.mecpro.de\/?page_id=534"},"modified":"2016-03-01T12:54:35","modified_gmt":"2016-03-01T10:54:35","slug":"arbeitspaket-5","status":"publish","type":"page","link":"https:\/\/www.mecpro.de\/?page_id=534","title":{"rendered":"Arbeitspaket #5"},"content":{"rendered":"<h2>Definition eines integrierten modellbasierten Prozessrahmenwerks (Input-, Output-Beziehungen, Rollen) zwischen CTP und CTPS spezifischen Entwicklungsprozessen<\/h2>\n<h3>Zielstellung<\/h3>\n<p>Ziel des AP #5 ist der Aufbau eines Prozessrahmenwerks zur modelbasierten Entwicklung cybertronischer Produkte (CTP) und Produktionssysteme (CTPS). Im Rahmen von Prozessworkshops wird ein auf die CTP- und CTPS-Anforderungen hin optimierter \u00fcbergreifender SOLL-Entwicklungsprozess mit Partnern der Anwendungsunternehmen und der Ansprechpartner der \u00a0Anwendungsszenarien erarbeitet. Die aus der IST-Prozessaufnahme resultierenden Prozesse dienen als Ausgangsbasis zur Ableitung von Anforderungen zur Gestaltung eines modelbasierten SOLL-Entwicklungsprozesses. Aufbauend auf den Erkenntnissen der IST-Prozess\u00adanalysen werden Prozessaktivit\u00e4ten aus Normen und Standards sowie Vorgehensmodellen des modellbasierten Systems Engineering betrachtet und sukzessive zu einem Prozessrahmenwerk zusammengef\u00fchrt<span style=\"line-height: 1.5;\">.<\/span><\/p>\n<p>Als Arbeitsumgebung f\u00fcr den Aufbau des Rahmenwerks dient ein Wiki; als Werkzeug zur Modellierung wird die Methode OMEGA eingesetzt. Das AP #5 liefert als Ergebnis klar definierte Prozessmodule inkl. der CTP- und CTPS-Modelle (System, Formate, Schnittstellen), deren Beschreibung im weiteren Verlauf des mecPro\u00b2 Projekts durch Erkenntnisse nachfolgender AP zu detaillieren sind.<\/p>\n<p>Abgeleitet aus dem Rahmenplan ergeben sich f\u00fcr das Arbeitspaket #5 folgende Ziele:<\/p>\n<ul>\n<li>Konkretisierung der Anforderungen an das mecPro\u00b2 Prozessrahmenwerk<\/li>\n<li>Konzeption, Modellierung und Detaillierung des mecPro\u00b2 Prozessrahmenwerks unter Ber\u00fccksichtigung der Anforderungen<\/li>\n<li>Erstellung eines Anwendungsszenarien-\u00fcbergreifenden OMEGA Prozessmodells f\u00fcr das Prozessrahmenwerk,<\/li>\n<li>Aufbau des Prozessrahmenwerk im mecPro\u00b2-Wiki mit klar strukturierten Prozessmodulen und -Aktivit\u00e4ten (inkl., Beschreibungen, Rollen, In- und Outputs, zu verwendender Methoden und\/oder Modelle)<\/li>\n<li>Konzept f\u00fcr die Einordnung des Prozessrahmenwerks in einen \u00fcbergeordneten Stage Gate Prozess<\/li>\n<\/ul>\n<p style=\"text-align: center;\"><a href=\"https:\/\/www.mecpro.de\/wp-content\/uploads\/2016\/02\/2.2-1.png\" rel=\"attachment wp-att-535\"><img loading=\"lazy\" class=\"aligncenter size-full wp-image-535\" src=\"https:\/\/www.mecpro.de\/wp-content\/uploads\/2016\/02\/2.2-1.png\" alt=\"2.2-1\" width=\"605\" height=\"339\" srcset=\"https:\/\/www.mecpro.de\/wp-content\/uploads\/2016\/02\/2.2-1.png 605w, https:\/\/www.mecpro.de\/wp-content\/uploads\/2016\/02\/2.2-1-300x168.png 300w\" sizes=\"(max-width: 605px) 100vw, 605px\" \/><\/a><\/p>\n<p style=\"text-align: center;\">Abbildung 1: Prozessmodule als Basis zur SOLL-Prozessdefinition<\/p>\n<h3>Ergebnisse<\/h3>\n<p>Durch den Aufbau des Prozessrahmenwerks ist der Rahmen zur Beschreibung eines SOLL-Entwicklungsprozesses geschaffen. Die beschreibenden Elemente wie Aktivit\u00e4ten, deren Input und Output, verantwortliche bzw. beteiligte Prozessrollen, Modelle und IT-Tools sind durch einheitliche Deskriptoren beschrieben. Die Verantwortlichkeiten der Prozessrollen sind nach dem RASI-Schema (R: Responsible, A: Approving, S: Supporting, I: Informed) den Prozessaktivit\u00e4ten zugeordnet. Kompetenzen der Prozessrollen wurden beispielhaft auf vier Kompetenz-Level (KL1: Awareness, KL2: Support, KL3: Leader, KL4: Expert) ausgepr\u00e4gt.<\/p>\n<p>Dadurch ergibt sich aus der Summe der beschriebenen Prozessmodle und -aktivit\u00e4ten eine Prozessbibliothek, welche durch allgemeing\u00fcltige Beschreibung und modulare Gestalt f\u00fcr verschiedene Entwicklungs\u00adaufgaben Verwendung finden kann. In Abh\u00e4ngigkeit der Systemkomplexit\u00e4t k\u00f6nnen Prozessmodule der Systemebene bspw. mehrfach hintereinander durchlaufen werden, bis Anforderungen an das zu entwickelnde System so l\u00f6sungskonkret formuliert bzw. im Systemmodell abgebildet sind, dass die Informationen an die fachdisziplinenspezifischen Prozessmodule weitergeben werden k\u00f6nnen. Die Zusammenstellung ben\u00f6tigter Prozessmodule ergibt sich aus den verschiedenen Entwicklungs\u00adaufgaben, welche bspw. in den drei Anwendungsszenarien aus AP1 adressiert werden.<\/p>\n<p>&nbsp;<\/p>\n","protected":false},"excerpt":{"rendered":"<p>Definition eines integrierten modellbasierten Prozessrahmenwerks (Input-, Output-Beziehungen, Rollen) zwischen CTP und CTPS spezifischen Entwicklungsprozessen Zielstellung Ziel des AP #5 ist der Aufbau eines Prozessrahmenwerks zur modelbasierten Entwicklung cybertronischer Produkte (CTP) und Produktionssysteme (CTPS). Im Rahmen von Prozessworkshops wird ein auf die CTP- und CTPS-Anforderungen hin optimierter \u00fcbergreifender SOLL-Entwicklungsprozess mit Partnern der Anwendungsunternehmen und der Ansprechpartner [&hellip;]<\/p>\n","protected":false},"author":3,"featured_media":0,"parent":435,"menu_order":0,"comment_status":"closed","ping_status":"closed","template":"","meta":[],"_links":{"self":[{"href":"https:\/\/www.mecpro.de\/index.php?rest_route=\/wp\/v2\/pages\/534"}],"collection":[{"href":"https:\/\/www.mecpro.de\/index.php?rest_route=\/wp\/v2\/pages"}],"about":[{"href":"https:\/\/www.mecpro.de\/index.php?rest_route=\/wp\/v2\/types\/page"}],"author":[{"embeddable":true,"href":"https:\/\/www.mecpro.de\/index.php?rest_route=\/wp\/v2\/users\/3"}],"replies":[{"embeddable":true,"href":"https:\/\/www.mecpro.de\/index.php?rest_route=%2Fwp%2Fv2%2Fcomments&post=534"}],"version-history":[{"count":3,"href":"https:\/\/www.mecpro.de\/index.php?rest_route=\/wp\/v2\/pages\/534\/revisions"}],"predecessor-version":[{"id":573,"href":"https:\/\/www.mecpro.de\/index.php?rest_route=\/wp\/v2\/pages\/534\/revisions\/573"}],"up":[{"embeddable":true,"href":"https:\/\/www.mecpro.de\/index.php?rest_route=\/wp\/v2\/pages\/435"}],"wp:attachment":[{"href":"https:\/\/www.mecpro.de\/index.php?rest_route=%2Fwp%2Fv2%2Fmedia&parent=534"}],"curies":[{"name":"wp","href":"https:\/\/api.w.org\/{rel}","templated":true}]}}