{"id":54,"date":"2013-07-04T12:54:14","date_gmt":"2013-07-04T10:54:14","guid":{"rendered":"http:\/\/www.mecpro.de\/?page_id=54"},"modified":"2017-07-04T11:24:59","modified_gmt":"2017-07-04T09:24:59","slug":"contact-software-gmbh","status":"publish","type":"page","link":"https:\/\/www.mecpro.de\/?page_id=54","title":{"rendered":"CONTACT Software GmbH"},"content":{"rendered":"<h4>Profil:<a href=\"http:\/\/www.mecpro.de\/wp-content\/uploads\/2013\/07\/Logo_CONTACT_2015_RGB.png\"><img loading=\"lazy\" class=\"alignright wp-image-391 size-medium\" src=\"http:\/\/www.mecpro.de\/wp-content\/uploads\/2013\/07\/Logo_CONTACT_2015_RGB-300x100.png\" alt=\"\" width=\"300\" height=\"100\" srcset=\"https:\/\/www.mecpro.de\/wp-content\/uploads\/2013\/07\/Logo_CONTACT_2015_RGB-300x100.png 300w, https:\/\/www.mecpro.de\/wp-content\/uploads\/2013\/07\/Logo_CONTACT_2015_RGB-1024x342.png 1024w, https:\/\/www.mecpro.de\/wp-content\/uploads\/2013\/07\/Logo_CONTACT_2015_RGB.png 1103w\" sizes=\"(max-width: 300px) 100vw, 300px\" \/><\/a><i><\/i><\/h4>\n<p align=\"left\">CONTACT Software ist f\u00fchrender Anbieter von offenen Standardl\u00f6sungen f\u00fcr die kollaborative Produktentwicklung. Wir stehen f\u00fcr ein Ziel: die h\u00f6here Innovationsproduktivit\u00e4t unserer Kunden. Sie entwickeln komplexe Produkte und setzen auf effektive und effiziente kollaborative Innovations- und Entwicklungsprozesse. Unsere Best-in-Class-L\u00f6sungen helfen, die Innovationspotenziale optimal auszusch\u00f6pfen und den eigenen Wettbewerbsvorteil zu sichern.<\/p>\n<p align=\"left\">CONTACT ist ein Pionier der Branche und setzt seit den Anf\u00e4ngen des digitalen Produktdatenmanagements entscheidende Ma\u00dfst\u00e4be z.B. mit dem ersten graphischen User Interface oder mit der Workspaces-Technologie. Mit \u00fcber 160 Mitarbeitern an neun Standorten in Zentraleuropa und unserem Partnernetzwerk betreuen wir Unternehmen und deren Installationen weltweit. Kunden profitieren von unserer Kompetenz, Fokussierung, Kundenorientierung und unserer einzigartigen Technologie f\u00fcr den Innovations- und Entwicklungsprozess.<\/p>\n<p align=\"left\">Hervorragende Referenzen von Marktf\u00fchrern und langj\u00e4hrige Kundenbeziehungen unterstreichen die Qualit\u00e4t und Nachhaltigkeit unseres Angebots. Allein in den letzten zehn Jahren hat CONTACT mehr als 900 Industrieprojekte in den Schwerpunktbranchen Automotive, Maschinen- und Anlagenbau, Hightech und \u00f6ffentliche Infrastruktur erfolgreich ausgef\u00fchrt.<\/p>\n<p align=\"left\">CONTACTs Technologie und Anwendungskomponenten bilden die anspruchsvollen Anforderungen der kollaborativen Produktentwicklung hervorragend ab. Im Mittelpunkt unseres Produktportfolios stehen die komplement\u00e4ren Standardl\u00f6sungen<\/p>\n<ul>\n<li>CIM DATABASE f\u00fcr das Produktdaten- und Product Lifecycle Management (PDM\/PLM)<\/li>\n<li>Project Office<i> <\/i>f\u00fcr prozessorientiertes Projektmanagement<\/li>\n<li>Workspaces<i> <\/i>f\u00fcr kollaboratives CAD- und Multi-CAD-Datenmanagement<\/li>\n<li>Fast Concept Modelling f\u00fcr schnelle parametrische Konstruktion und durchg\u00e4ngige CAx-Prozessketten<\/li>\n<\/ul>\n<p align=\"left\">Unternehmen und Anwender profitieren von schnellerem Time-to-Value, zuverl\u00e4ssigeren Daten und Prozessen, besserer Steuerungsf\u00e4higkeit, Compliance und Kosteneffizienz.<\/p>\n<p align=\"left\">CONTACT engagiert sich seit Jahren in ausgew\u00e4hlten nationalen und internationalen Forschungsprojekten, Studien und Initiativen f\u00fcr den Wissensfortschritt, die Entwicklung von Standards und die Innovation der eigenen Technologien. Die Ergebnisse sollen dazu beitragen, die globale Wettbewerbsf\u00e4higkeit der Kunden nachhaltig zu st\u00e4rken.<\/p>\n<p align=\"left\">Das Verbundprojekt mecPro\u00b2 hat eine besondere Relevanz f\u00fcr den Entwicklungs- und Produktionsstandort Deutschland. Mit seinem Beitrag zur PLM-Unterst\u00fctzung f\u00fcr modellbasierte Entwicklungsprozesse cybertronischer Systeme zielt CONTACT auf eine Bef\u00e4higung von Industrie 4.0 und die intelligente Vernetzung in der Produktion, aber auch in Instandhaltungs- und Modernisierungsprozessen (MRO) ab. CONTACT bringt neben dem PDM\/PLM-Erfahrungen Kenntnisse zu den Themenschwerpunkten Systems Engineering und Produktstrukturmanagement in das Forschungsprojekt ein.<\/p>\n<h4><b>Motivation:<\/b><\/h4>\n<p align=\"left\">Aus informationstechnischer Sicht ist bei Industrie 4.0 eher von einer Evolution denn von einer Revolution zu sprechen. Die heutige Informations- und Kommunikationstechnologie (IKT) ist bereits in der Lage, Anwendungen zu unterst\u00fctzen, die Charakteristika der von Industrie 4.0 pr\u00e4sentierten Gedanken auspr\u00e4gen k\u00f6nnen und \u201eCyber-physical Systems\u201c damit nahe kommen. Wenn man die IKT als Ressource begreift, dann f\u00fchrt deren Evolution mehr oder weniger gesteuert zu einer Form der Industriellen Revolution. Durch den steigenden Grad an Systemvernetzung (innersystemisch sowie system\u00fcbergreifend) und Informationsverarbeitung (dezentral wie zentral) ergeben sich nicht nur technisch neue Systemverhaltensweisen (Autonomie, Intelligenz etc.), sondern insbesondere auch Ver\u00e4nderungen in den Gesch\u00e4ftsmodellen, in der Services-Orientierung und in den Lieferketten. Die Wertsch\u00f6pfung wird\u00a0 in mehrfacher Hinsicht \u201evirtueller\u201c: IT nimmt gr\u00f6\u00dfere Anteile in der Realisierung von Produktfunktionalit\u00e4t und Service-Prozessen ein. Basisdienste schaffen Plattformen und Infrastruktur f\u00fcr neue Wertstr\u00f6me. In allen Phasen des Produktlebenszyklus verst\u00e4rkt sich die digitale Wertsch\u00f6pfung \u2013 in den Entwicklungs- und Produktionswerkzeugen und in den Endkunden-Produkten.<\/p>\n<p align=\"left\">Wer Industrie 4.0 selbst gestalten m\u00f6chte, ben\u00f6tigt neue Entwicklungsmethoden, -prozesse und -werkzeuge. Nach der Einsch\u00e4tzung des Projektkonsortiums wird eine Betonung von Model-based Systems Engineering (MBSE) mit einer neuen Form von Produktdaten- und Product Lifecycle Management zusammen die notwendigen Grundlagen daf\u00fcr stellen.<\/p>\n<p align=\"left\">CONTACT wird im Rahmen des Projekts mecPro<sup>2<\/sup> aktiv an Konzepten f\u00fcr das Produktdatenmanagement (PDM) und Produkt Lifecycle Management (PLM) in der Entwicklung Cyber-physischer Systeme arbeiten. Die Effekte auf vorhandene L\u00f6sungsbausteine aus dem PDM\/PLM sind dabei durchaus unterschiedlich. Mit Bedacht m\u00fcssen erprobte Entwicklungsans\u00e4tze modifiziert, erweitert oder durch neue abgel\u00f6st werden.<\/p>\n<p>Weitere Informationen erhalten Sie unter:\u00a0<a title=\"Webseite von CONTACT Software\" href=\"http:\/\/www.contact-software.com\/de\/home.html\" target=\"_blank\" rel=\"noopener\">http:\/\/www.contact-software.com\/de\/home.html<\/a><\/p>\n<div id=\"attachment_301\" style=\"width: 1034px\" class=\"wp-caption aligncenter\"><a href=\"http:\/\/www.mecpro.de\/wp-content\/uploads\/2013\/07\/SE.png\"><img aria-describedby=\"caption-attachment-301\" loading=\"lazy\" class=\"size-large wp-image-301\" src=\"http:\/\/www.mecpro.de\/wp-content\/uploads\/2013\/07\/SE-1024x470.png\" alt=\"Quelle: CONTACT Software GmbH\" width=\"1024\" height=\"470\" srcset=\"https:\/\/www.mecpro.de\/wp-content\/uploads\/2013\/07\/SE-1024x470.png 1024w, https:\/\/www.mecpro.de\/wp-content\/uploads\/2013\/07\/SE-300x137.png 300w, https:\/\/www.mecpro.de\/wp-content\/uploads\/2013\/07\/SE.png 1865w\" sizes=\"(max-width: 1024px) 100vw, 1024px\" \/><\/a><p id=\"caption-attachment-301\" class=\"wp-caption-text\">Quelle: CONTACT Software GmbH<\/p><\/div>\n","protected":false},"excerpt":{"rendered":"<p>Profil: CONTACT Software ist f\u00fchrender Anbieter von offenen Standardl\u00f6sungen f\u00fcr die kollaborative Produktentwicklung. Wir stehen f\u00fcr ein Ziel: die h\u00f6here Innovationsproduktivit\u00e4t unserer Kunden. Sie entwickeln komplexe Produkte und setzen auf effektive und effiziente kollaborative Innovations- und Entwicklungsprozesse. Unsere Best-in-Class-L\u00f6sungen helfen, die Innovationspotenziale optimal auszusch\u00f6pfen und den eigenen Wettbewerbsvorteil zu sichern. CONTACT ist ein Pionier der [&hellip;]<\/p>\n","protected":false},"author":3,"featured_media":0,"parent":28,"menu_order":0,"comment_status":"closed","ping_status":"closed","template":"","meta":[],"_links":{"self":[{"href":"https:\/\/www.mecpro.de\/index.php?rest_route=\/wp\/v2\/pages\/54"}],"collection":[{"href":"https:\/\/www.mecpro.de\/index.php?rest_route=\/wp\/v2\/pages"}],"about":[{"href":"https:\/\/www.mecpro.de\/index.php?rest_route=\/wp\/v2\/types\/page"}],"author":[{"embeddable":true,"href":"https:\/\/www.mecpro.de\/index.php?rest_route=\/wp\/v2\/users\/3"}],"replies":[{"embeddable":true,"href":"https:\/\/www.mecpro.de\/index.php?rest_route=%2Fwp%2Fv2%2Fcomments&post=54"}],"version-history":[{"count":15,"href":"https:\/\/www.mecpro.de\/index.php?rest_route=\/wp\/v2\/pages\/54\/revisions"}],"predecessor-version":[{"id":997,"href":"https:\/\/www.mecpro.de\/index.php?rest_route=\/wp\/v2\/pages\/54\/revisions\/997"}],"up":[{"embeddable":true,"href":"https:\/\/www.mecpro.de\/index.php?rest_route=\/wp\/v2\/pages\/28"}],"wp:attachment":[{"href":"https:\/\/www.mecpro.de\/index.php?rest_route=%2Fwp%2Fv2%2Fmedia&parent=54"}],"curies":[{"name":"wp","href":"https:\/\/api.w.org\/{rel}","templated":true}]}}