{"id":64,"date":"2013-07-04T14:11:45","date_gmt":"2013-07-04T12:11:45","guid":{"rendered":"http:\/\/www.mecpro.de\/?page_id=64"},"modified":"2017-07-04T11:25:45","modified_gmt":"2017-07-04T09:25:45","slug":"mec","status":"publish","type":"page","link":"https:\/\/www.mecpro.de\/?page_id=64","title":{"rendered":"Fachgebiet Kraftfahrzeuge"},"content":{"rendered":"<p><a href=\"http:\/\/www.mecpro.de\/wp-content\/uploads\/2015\/02\/Logo_KFZB_1_RZ_4c.jpg\"><img loading=\"lazy\" class=\"alignright wp-image-380\" src=\"http:\/\/www.mecpro.de\/wp-content\/uploads\/2015\/02\/Logo_KFZB_1_RZ_4c-300x117.jpg\" alt=\"\" width=\"300\" height=\"117\" srcset=\"https:\/\/www.mecpro.de\/wp-content\/uploads\/2015\/02\/Logo_KFZB_1_RZ_4c-300x117.jpg 300w, https:\/\/www.mecpro.de\/wp-content\/uploads\/2015\/02\/Logo_KFZB_1_RZ_4c-1024x401.jpg 1024w, https:\/\/www.mecpro.de\/wp-content\/uploads\/2015\/02\/Logo_KFZB_1_RZ_4c.jpg 1962w\" sizes=\"(max-width: 300px) 100vw, 300px\" \/><\/a>Das Fachgebiet Kraftfahrzeuge (kfz) an der Technischen Universit\u00e4t Berlin wird von Professor Dr.-Ing. Steffen M\u00fcller geleitet und besch\u00e4ftigt sich mit den Forschungsthemen Aktive, Integrale und Passive Sicherheit, effiziente Fahrzeug- und Betriebskonzepte, Fahrwerks- und Antriebsregelung, Automatisierung und neue automotive Entwicklungsmethoden. Eine Vielzahl der in diesem Umfeld liegenden Fragstellungen sind mechatronischer Natur, f\u00fcr deren Bearbeitung ist die numerische Modellierung und Simulation ein unverzichtbares Werkzeug. F\u00fcr weiterf\u00fchrende Herausforderungen in diesen Forschungsgebieten wird der Einbezug von Kommunikation zunehmend notwendig und die Erforschung von automotiven cybertronischen Systemen spielt am Fachgebiet Kraftfahrzeuge daher eine immer wichtigere Rolle.<\/p>\n<h5><strong>Motivation<\/strong><\/h5>\n<p>Die zunehmende Vernetzung und externe Beeinflussung mechatronischer Systeme resultiert in neue Chancen und Risiken, die mit heutigen mechatronischen Entwicklungsmethoden nicht ausreichend ber\u00fccksichtigt werden. Der zentrale Forschungsgegenstand des Fachgebietes Kraftfahrzeuge im Rahmen dieses Vorhabens ist die Analyse der speziellen Charakteristiken von cybertronischen Produkten (CTP) und Produktionssystemen (CTPS) im Vergleich zu mechatronischen Systemen. Hierzu werden insbesondere Methoden der Regelungstechnik auf ihre \u00dcbertragbarkeit auf CTP und CTPS untersucht. Es werden dabei die wesentlichen Unterschiede zu rein mechatronischen Systemen aufgezeigt und Konzepte erarbeitet, um die speziellen Eigenschaften von CTP und CTPS zu ber\u00fccksichtigen. Dar\u00fcber hinaus sollen die Auswirkungen der identifizierten Charakteristiken von CTP und CTPS auf den Entwicklungsprozess ausgearbeitet werden. Weiterhin ist geplant, den \u00dcbergang vom Systemspezifikationsmodell zu Modellen f\u00fcr erste Simulationen des dynamischen Verhaltens im Rahmen des Entwicklungsprozesses zu untersuchen.<\/p>\n<div id=\"attachment_346\" style=\"width: 520px\" class=\"wp-caption aligncenter\"><a href=\"http:\/\/www.mecpro.de\/wp-content\/uploads\/2013\/07\/fg_kfz.jpg\"><img aria-describedby=\"caption-attachment-346\" loading=\"lazy\" class=\"wp-image-346 size-full\" src=\"http:\/\/www.mecpro.de\/wp-content\/uploads\/2013\/07\/fg_kfz.jpg\" alt=\"Quelle: Fachgebiet Kraftfahrzeuge \u2013 TU Berlin\" width=\"510\" height=\"401\" srcset=\"https:\/\/www.mecpro.de\/wp-content\/uploads\/2013\/07\/fg_kfz.jpg 510w, https:\/\/www.mecpro.de\/wp-content\/uploads\/2013\/07\/fg_kfz-300x235.jpg 300w\" sizes=\"(max-width: 510px) 100vw, 510px\" \/><\/a><p id=\"caption-attachment-346\" class=\"wp-caption-text\">Quelle: Fachgebiet Kraftfahrzeuge \u2013 TU Berlin<\/p><\/div>\n<p>Weitere Informationen finden Sie unter: <a href=\"http:\/\/www.kfz.tu-berlin.de\/\">http:\/\/www.kfz.tu-berlin.de\/<\/a><\/p>\n","protected":false},"excerpt":{"rendered":"<p>Das Fachgebiet Kraftfahrzeuge (kfz) an der Technischen Universit\u00e4t Berlin wird von Professor Dr.-Ing. Steffen M\u00fcller geleitet und besch\u00e4ftigt sich mit den Forschungsthemen Aktive, Integrale und Passive Sicherheit, effiziente Fahrzeug- und Betriebskonzepte, Fahrwerks- und Antriebsregelung, Automatisierung und neue automotive Entwicklungsmethoden. Eine Vielzahl der in diesem Umfeld liegenden Fragstellungen sind mechatronischer Natur, f\u00fcr deren Bearbeitung ist die [&hellip;]<\/p>\n","protected":false},"author":3,"featured_media":0,"parent":28,"menu_order":0,"comment_status":"closed","ping_status":"closed","template":"","meta":[],"_links":{"self":[{"href":"https:\/\/www.mecpro.de\/index.php?rest_route=\/wp\/v2\/pages\/64"}],"collection":[{"href":"https:\/\/www.mecpro.de\/index.php?rest_route=\/wp\/v2\/pages"}],"about":[{"href":"https:\/\/www.mecpro.de\/index.php?rest_route=\/wp\/v2\/types\/page"}],"author":[{"embeddable":true,"href":"https:\/\/www.mecpro.de\/index.php?rest_route=\/wp\/v2\/users\/3"}],"replies":[{"embeddable":true,"href":"https:\/\/www.mecpro.de\/index.php?rest_route=%2Fwp%2Fv2%2Fcomments&post=64"}],"version-history":[{"count":12,"href":"https:\/\/www.mecpro.de\/index.php?rest_route=\/wp\/v2\/pages\/64\/revisions"}],"predecessor-version":[{"id":382,"href":"https:\/\/www.mecpro.de\/index.php?rest_route=\/wp\/v2\/pages\/64\/revisions\/382"}],"up":[{"embeddable":true,"href":"https:\/\/www.mecpro.de\/index.php?rest_route=\/wp\/v2\/pages\/28"}],"wp:attachment":[{"href":"https:\/\/www.mecpro.de\/index.php?rest_route=%2Fwp%2Fv2%2Fmedia&parent=64"}],"curies":[{"name":"wp","href":"https:\/\/api.w.org\/{rel}","templated":true}]}}